{"id":3117,"date":"2020-06-02T15:39:20","date_gmt":"2020-06-02T13:39:20","guid":{"rendered":"https:\/\/komma.ostfalia.de\/?page_id=3117"},"modified":"2021-03-26T18:51:44","modified_gmt":"2021-03-26T17:51:44","slug":"impressum","status":"publish","type":"page","link":"https:\/\/komma.ostfalia.de\/index.php\/verflechtungsstrukturen\/impressum\/","title":{"rendered":"Impressum"},"content":{"rendered":"\t\t<div data-elementor-type=\"wp-page\" data-elementor-id=\"3117\" class=\"elementor elementor-3117\">\n\t\t\t\t\t\t<section class=\"elementor-section elementor-top-section elementor-element elementor-element-46372b53 elementor-section-height-min-height elementor-section-full_width elementor-section-height-default elementor-section-items-middle\" data-id=\"46372b53\" data-element_type=\"section\" data-settings=\"{&quot;background_background&quot;:&quot;classic&quot;}\">\n\t\t\t\t\t\t<div class=\"elementor-container elementor-column-gap-default\">\n\t\t\t\t\t<div class=\"elementor-column elementor-col-100 elementor-top-column elementor-element elementor-element-26f4285d raven-column-flex-horizontal\" data-id=\"26f4285d\" data-element_type=\"column\">\n\t\t\t<div class=\"elementor-widget-wrap elementor-element-populated\">\n\t\t\t\t\t\t<div class=\"elementor-element elementor-element-41a834a7 elementor-widget elementor-widget-raven-image\" data-id=\"41a834a7\" data-element_type=\"widget\" data-widget_type=\"raven-image.default\">\n\t\t\t\t<div class=\"elementor-widget-container\">\n\t\t\t\t\t<div class=\"raven-image\">\n\t\t\n\t\t\n\t\t<img decoding=\"async\" src=\"https:\/\/komma.ostfalia.de\/wp-content\/uploads\/2020\/05\/verflechtungsstrukturen-logo-inverted.svg\" title=\"\" alt=\"\" loading=\"lazy\" \/>\t\t<\/div>\n\t\t\t\t<\/div>\n\t\t\t\t<\/div>\n\t\t\t\t<div class=\"elementor-element elementor-element-64352aac elementor-widget elementor-widget-raven-image\" data-id=\"64352aac\" data-element_type=\"widget\" data-widget_type=\"raven-image.default\">\n\t\t\t\t<div class=\"elementor-widget-container\">\n\t\t\t\t\t<div class=\"raven-image\">\n\t\t\n\t\t\n\t\t<img decoding=\"async\" src=\"https:\/\/komma.ostfalia.de\/wp-content\/uploads\/2020\/05\/verflechtungsstrukturen-logo-inverted.svg\" title=\"\" alt=\"\" loading=\"lazy\" \/>\t\t<\/div>\n\t\t\t\t<\/div>\n\t\t\t\t<\/div>\n\t\t\t\t<div class=\"elementor-element elementor-element-5577dcf9 elementor-widget elementor-widget-raven-image\" data-id=\"5577dcf9\" data-element_type=\"widget\" data-widget_type=\"raven-image.default\">\n\t\t\t\t<div class=\"elementor-widget-container\">\n\t\t\t\t\t<div class=\"raven-image\">\n\t\t\n\t\t\t\t\t\t<a href=\"https:\/\/komma.ostfalia.de\/verflechtungsstrukturen\/\" class=\"elementor-clickable\" data-elementor-open-lightbox=\"\">\n\t\t\n\t\t<img decoding=\"async\" width=\"354\" height=\"50\" src=\"https:\/\/komma.ostfalia.de\/wp-content\/uploads\/2020\/05\/verflechtungsstrukturen-logo-inverted.svg\" class=\"attachment-full size-full wp-image-3019\" alt=\"\" \/>\t\t\t<\/a>\n\t\t\t\t\t<\/div>\n\t\t\t\t<\/div>\n\t\t\t\t<\/div>\n\t\t\t\t<div class=\"elementor-element elementor-element-6deec829 elementor-widget elementor-widget-raven-flex-spacer\" data-id=\"6deec829\" data-element_type=\"widget\" data-widget_type=\"raven-flex-spacer.default\">\n\t\t\t\t<div class=\"elementor-widget-container\">\n\t\t\t\t\t\t<div class=\"raven-spacer\">&nbsp;<\/div>\n\t\t\t\t<\/div>\n\t\t\t\t<\/div>\n\t\t\t\t<div class=\"elementor-element elementor-element-39653c27 elementor-widget elementor-widget-raven-image\" data-id=\"39653c27\" data-element_type=\"widget\" data-widget_type=\"raven-image.default\">\n\t\t\t\t<div class=\"elementor-widget-container\">\n\t\t\t\t\t<div class=\"raven-image\">\n\t\t\n\t\t\n\t\t<img decoding=\"async\" src=\"https:\/\/komma.ostfalia.de\/wp-content\/uploads\/2020\/05\/verflechtungsstrukturen-logo-inverted.png\" title=\"\" alt=\"\" loading=\"lazy\" \/>\t\t<\/div>\n\t\t\t\t<\/div>\n\t\t\t\t<\/div>\n\t\t\t\t<div class=\"elementor-element elementor-element-c42eab9 raven-breakpoint-tablet raven-nav-menu-align-center raven-tablet-nav-menu-align-center raven-mobile-nav-menu-align-left elementor-widget elementor-widget-raven-nav-menu\" data-id=\"c42eab9\" data-element_type=\"widget\" data-settings=\"{&quot;mobile_layout&quot;:&quot;full-screen&quot;,&quot;submenu_icon&quot;:&quot;&lt;svg 0=\\&quot;fas fa-chevron-down\\&quot; class=\\&quot;e-font-icon-svg e-fas-chevron-down\\&quot;&gt;\\n\\t\\t\\t\\t\\t&lt;use xlink:href=\\&quot;#fas-chevron-down\\&quot;&gt;\\n\\t\\t\\t\\t\\t\\t&lt;symbol id=\\&quot;fas-chevron-down\\&quot; viewBox=\\&quot;0 0 448 512\\&quot;&gt;\\n\\t\\t\\t\\t\\t\\t\\t&lt;path d=\\&quot;M207.029 381.476L12.686 187.132c-9.373-9.373-9.373-24.569 0-33.941l22.667-22.667c9.357-9.357 24.522-9.375 33.901-.04L224 284.505l154.745-154.021c9.379-9.335 24.544-9.317 33.901.04l22.667 22.667c9.373 9.373 9.373 24.569 0 33.941L240.971 381.476c-9.373 9.372-24.569 9.372-33.942 0z\\&quot;&gt;&lt;\\\/path&gt;\\n\\t\\t\\t\\t\\t\\t&lt;\\\/symbol&gt;\\n\\t\\t\\t\\t\\t&lt;\\\/use&gt;\\n\\t\\t\\t\\t&lt;\\\/svg&gt;&quot;,&quot;submenu_space_between&quot;:{&quot;unit&quot;:&quot;px&quot;,&quot;size&quot;:&quot;&quot;,&quot;sizes&quot;:[]},&quot;submenu_opening_position&quot;:&quot;bottom&quot;,&quot;mobile_menu_item_full_width&quot;:&quot;no&quot;}\" data-widget_type=\"raven-nav-menu.default\">\n\t\t\t\t<div class=\"elementor-widget-container\">\n\t\t\t\t\t<nav class=\"raven-nav-menu-main raven-nav-menu-horizontal raven-nav-menu-tablet-horizontal raven-nav-menu-mobile-horizontal raven-nav-icons-hidden-desktop raven-nav-icons-hidden-tablet raven-nav-icons-hidden-mobile\">\n\t\t\t<ul id=\"menu-c42eab9\" class=\"raven-nav-menu\"><li class=\"menu-item menu-item-type-post_type menu-item-object-page menu-item-4887\"><a href=\"https:\/\/komma.ostfalia.de\/index.php\/verflechtungsstrukturen\/\" class=\"raven-menu-item raven-link-item \">Netzwerk<\/a><\/li>\n<li class=\"menu-item menu-item-type-post_type menu-item-object-page menu-item-5259\"><a href=\"https:\/\/komma.ostfalia.de\/index.php\/verflechtungsstrukturen\/methode\/\" class=\"raven-menu-item raven-link-item \">Methode<\/a><\/li>\n<li class=\"menu-item menu-item-type-post_type menu-item-object-page menu-item-3044\"><a href=\"https:\/\/komma.ostfalia.de\/index.php\/verflechtungsstrukturen\/ergebnisse\/\" class=\"raven-menu-item raven-link-item \">Ergebnisse<\/a><\/li>\n<li class=\"menu-item menu-item-type-custom menu-item-object-custom menu-item-has-children menu-item-5485\"><a href=\"#\" class=\"raven-menu-item raven-link-item \">Impressum<\/a>\n<ul class=\"0 sub-menu raven-submenu\">\n\t<li class=\"menu-item menu-item-type-post_type menu-item-object-page menu-item-5482\"><a href=\"https:\/\/komma.ostfalia.de\/index.php\/verflechtungsstrukturen\/impressum\/\" class=\"raven-submenu-item raven-link-item \">Impressum<\/a><\/li>\n\t<li class=\"menu-item menu-item-type-post_type menu-item-object-page menu-item-5484\"><a href=\"https:\/\/komma.ostfalia.de\/index.php\/verflechtungsstrukturen\/ansprechpartner\/\" class=\"raven-submenu-item raven-link-item \">Ansprechpartner<\/a><\/li>\n\t<li class=\"menu-item menu-item-type-post_type menu-item-object-page menu-item-5483\"><a href=\"https:\/\/komma.ostfalia.de\/index.php\/verflechtungsstrukturen\/datenschutzerlaerung\/\" class=\"raven-submenu-item raven-link-item \">Datenschutzerl\u00e4rung<\/a><\/li>\n\t<li class=\"menu-item menu-item-type-post_type menu-item-object-page menu-item-5427\"><a href=\"https:\/\/komma.ostfalia.de\/index.php\/verflechtungsstrukturen\/veroeffentlichungen-presse\/\" class=\"raven-submenu-item raven-link-item \">Ver\u00f6ffentlichungen &#038; Presse<\/a><\/li>\n<\/ul>\n<\/li>\n<\/ul>\t\t<\/nav>\n\n\t\t<div class=\"raven-nav-menu-toggle\">\n\n\t\t\t\t\t\t<div class=\"raven-nav-menu-toggle-button \">\n\t\t\t\t\n\t\t\t\t<div class=\"hamburger hamburger--vortex\">\n\t\t\t\t\t<div class=\"hamburger-box\">\n\t\t\t\t\t\t<div class=\"hamburger-inner\"><\/div>\n\t\t\t\t\t<\/div>\n\t\t\t\t<\/div>\n\t\t\t\t\t\t\t\t<\/div>\n\n\t\t<\/div>\n\t\t<nav class=\"raven-nav-icons-hidden-desktop raven-nav-icons-hidden-tablet raven-nav-icons-hidden-mobile raven-nav-menu-mobile raven-nav-menu-full-screen\">\n\t\t\t\t\t\t\t\t\t\t<div class=\"raven-nav-menu-close-button\">\n\t\t\t\t\t<span class=\"raven-nav-menu-close-icon\">&times;<\/span>\n\t\t\t\t<\/div>\n\t\t\t\t\t\t<div class=\"raven-container\">\n\t\t\t\t<ul id=\"menu-mobile-c42eab9\" class=\"raven-nav-menu\"><li class=\"menu-item menu-item-type-post_type menu-item-object-page menu-item-4887\"><a href=\"https:\/\/komma.ostfalia.de\/index.php\/verflechtungsstrukturen\/\" class=\"raven-menu-item raven-link-item \">Netzwerk<\/a><\/li>\n<li class=\"menu-item menu-item-type-post_type menu-item-object-page menu-item-5259\"><a href=\"https:\/\/komma.ostfalia.de\/index.php\/verflechtungsstrukturen\/methode\/\" class=\"raven-menu-item raven-link-item \">Methode<\/a><\/li>\n<li class=\"menu-item menu-item-type-post_type menu-item-object-page menu-item-3044\"><a href=\"https:\/\/komma.ostfalia.de\/index.php\/verflechtungsstrukturen\/ergebnisse\/\" class=\"raven-menu-item raven-link-item \">Ergebnisse<\/a><\/li>\n<li class=\"menu-item menu-item-type-custom menu-item-object-custom menu-item-has-children menu-item-5485\"><a href=\"#\" class=\"raven-menu-item raven-link-item \">Impressum<\/a>\n<ul class=\"0 sub-menu raven-submenu\">\n\t<li class=\"menu-item menu-item-type-post_type menu-item-object-page menu-item-5482\"><a href=\"https:\/\/komma.ostfalia.de\/index.php\/verflechtungsstrukturen\/impressum\/\" class=\"raven-submenu-item raven-link-item \">Impressum<\/a><\/li>\n\t<li class=\"menu-item menu-item-type-post_type menu-item-object-page menu-item-5484\"><a href=\"https:\/\/komma.ostfalia.de\/index.php\/verflechtungsstrukturen\/ansprechpartner\/\" class=\"raven-submenu-item raven-link-item \">Ansprechpartner<\/a><\/li>\n\t<li class=\"menu-item menu-item-type-post_type menu-item-object-page menu-item-5483\"><a href=\"https:\/\/komma.ostfalia.de\/index.php\/verflechtungsstrukturen\/datenschutzerlaerung\/\" class=\"raven-submenu-item raven-link-item \">Datenschutzerl\u00e4rung<\/a><\/li>\n\t<li class=\"menu-item menu-item-type-post_type menu-item-object-page menu-item-5427\"><a href=\"https:\/\/komma.ostfalia.de\/index.php\/verflechtungsstrukturen\/veroeffentlichungen-presse\/\" class=\"raven-submenu-item raven-link-item \">Ver\u00f6ffentlichungen &#038; Presse<\/a><\/li>\n<\/ul>\n<\/li>\n<\/ul>\t\t\t<\/div>\n\t\t<\/nav>\n\t\t\t\t<\/div>\n\t\t\t\t<\/div>\n\t\t\t\t\t<\/div>\n\t\t<\/div>\n\t\t\t\t\t<\/div>\n\t\t<\/section>\n\t\t\t\t<section class=\"elementor-section elementor-top-section elementor-element elementor-element-e87bb84 elementor-section-boxed elementor-section-height-default elementor-section-height-default\" data-id=\"e87bb84\" data-element_type=\"section\">\n\t\t\t\t\t\t<div class=\"elementor-container elementor-column-gap-default\">\n\t\t\t\t\t<div class=\"elementor-column elementor-col-100 elementor-top-column elementor-element elementor-element-6fa8795\" data-id=\"6fa8795\" data-element_type=\"column\">\n\t\t\t<div class=\"elementor-widget-wrap elementor-element-populated\">\n\t\t\t\t\t\t<div class=\"elementor-element elementor-element-5e0c3a97 elementor-widget elementor-widget-heading\" data-id=\"5e0c3a97\" data-element_type=\"widget\" data-widget_type=\"heading.default\">\n\t\t\t\t<div class=\"elementor-widget-container\">\n\t\t\t<h2 class=\"elementor-heading-title elementor-size-default\">Impressum<\/h2>\t\t<\/div>\n\t\t\t\t<\/div>\n\t\t\t\t<div class=\"elementor-element elementor-element-5a370a8 elementor-widget elementor-widget-text-editor\" data-id=\"5a370a8\" data-element_type=\"widget\" data-widget_type=\"text-editor.default\">\n\t\t\t\t<div class=\"elementor-widget-container\">\n\t\t\t\t\t\t\t<p>Diese Website ist ein publizistisches Angebot von<br \/>den Wissenschaftlichen MitarbeiterInnen der Professur f\u00fcr Kommunikationsmanagement<\/p><p>der Ostfalia Hochschule f\u00fcr angewandte Wissenschaften<br \/>\u2013 Hochschule Braunschweig\/Wolfenb\u00fcttel<br \/>Salzdahlumer Stra\u00dfe 46-48<br \/>38302 Wolfenb\u00fcttel<\/p><p>Die Inhalte dieses Blogs stellen nicht zwingen die Ansichten und Meinungen der Ostfalia Hochschule f\u00fcr angewandte Wissenschaften dar.<\/p><p>Verantwortlich im Sinne von \u00a7 5 TMG, \u00a7 55 RfStV sind<br \/>die Wissenschaftlichen MitarbeiterInnen der Professur f\u00fcr Kommunikationsmanagement <br \/>der Ostfalia Hochschule f\u00fcr angewandte Wissenschaften<br \/>\u2013 Hochschule Braunschweig\/Wolfenb\u00fcttel<br \/>Salzdahlumer Stra\u00dfe 46-48<br \/>38302 Wolfenb\u00fcttel<\/p><p>Sie erreichen die Verantwortlichen \u00fcber:<br \/>Prof. Dr. habil. Harald Rau \u2013 <a href=\"mailto:h.rau@ostfalia.de\">h.rau@ostfalia.de<\/a><\/p>\t\t\t\t\t\t<\/div>\n\t\t\t\t<\/div>\n\t\t\t\t\t<\/div>\n\t\t<\/div>\n\t\t\t\t\t<\/div>\n\t\t<\/section>\n\t\t\t\t<\/div>\n\t\t","protected":false},"excerpt":{"rendered":"<p>&nbsp; Netzwerk Methode Ergebnisse Impressum Impressum Team Datenschutzerl\u00e4rung Ver\u00f6ffentlichungen &#038; Presse &times; Netzwerk Methode Ergebnisse Impressum Impressum Team Datenschutzerl\u00e4rung Ver\u00f6ffentlichungen &#038; Presse Impressum Diese Website ist ein publizistisches Angebot vonden Wissenschaftlichen MitarbeiterInnen der Professur f\u00fcr Kommunikationsmanagement der Ostfalia Hochschule f\u00fcr angewandte Wissenschaften\u2013 Hochschule Braunschweig\/Wolfenb\u00fcttelSalzdahlumer Stra\u00dfe 46-4838302 Wolfenb\u00fcttel Die Inhalte dieses Blogs stellen nicht zwingen die [&hellip;]<\/p>\n","protected":false},"author":9,"featured_media":0,"parent":2445,"menu_order":0,"comment_status":"closed","ping_status":"closed","template":"elementor_canvas","meta":{"_acf_changed":false,"footnotes":""},"acf":[],"yoast_head":"<title>Impressum - KomMa<\/title>\n<meta name=\"robots\" content=\"index, follow, max-snippet:-1, max-image-preview:large, max-video-preview:-1\" \/>\n<link rel=\"canonical\" href=\"https:\/\/komma.ostfalia.de\/index.php\/verflechtungsstrukturen\/impressum\/\" \/>\n<meta property=\"og:locale\" content=\"de_DE\" \/>\n<meta property=\"og:type\" content=\"article\" \/>\n<meta property=\"og:title\" content=\"Impressum - KomMa\" \/>\n<meta property=\"og:description\" content=\"&nbsp; Netzwerk Methode Ergebnisse Impressum Impressum Team Datenschutzerl\u00e4rung Ver\u00f6ffentlichungen &#038; Presse &times; Netzwerk Methode Ergebnisse Impressum Impressum Team Datenschutzerl\u00e4rung Ver\u00f6ffentlichungen &#038; Presse Impressum Diese Website ist ein publizistisches Angebot vonden Wissenschaftlichen MitarbeiterInnen der Professur f\u00fcr Kommunikationsmanagement der Ostfalia Hochschule f\u00fcr angewandte Wissenschaften\u2013 Hochschule Braunschweig\/Wolfenb\u00fcttelSalzdahlumer Stra\u00dfe 46-4838302 Wolfenb\u00fcttel Die Inhalte dieses Blogs stellen nicht zwingen die [&hellip;]\" \/>\n<meta property=\"og:url\" content=\"https:\/\/komma.ostfalia.de\/index.php\/verflechtungsstrukturen\/impressum\/\" \/>\n<meta property=\"og:site_name\" content=\"KomMa\" \/>\n<meta property=\"article:modified_time\" content=\"2021-03-26T17:51:44+00:00\" \/>\n<meta property=\"og:image\" content=\"https:\/\/komma.ostfalia.de\/wp-content\/uploads\/2020\/05\/verflechtungsstrukturen-logo-inverted.svg\" \/>\n<meta name=\"twitter:card\" content=\"summary_large_image\" \/>\n<meta name=\"twitter:site\" content=\"@komma_ostfalia\" \/>\n<meta name=\"twitter:label1\" content=\"Gesch\u00e4tzte Lesezeit\" \/>\n\t<meta name=\"twitter:data1\" content=\"1\u00a0Minute\" \/>\n<script type=\"application\/ld+json\" class=\"yoast-schema-graph\">{\"@context\":\"https:\/\/schema.org\",\"@graph\":[{\"@type\":\"WebPage\",\"@id\":\"https:\/\/komma.ostfalia.de\/index.php\/verflechtungsstrukturen\/impressum\/\",\"url\":\"https:\/\/komma.ostfalia.de\/index.php\/verflechtungsstrukturen\/impressum\/\",\"name\":\"Impressum - KomMa\",\"isPartOf\":{\"@id\":\"https:\/\/komma.ostfalia.de\/#website\"},\"primaryImageOfPage\":{\"@id\":\"https:\/\/komma.ostfalia.de\/index.php\/verflechtungsstrukturen\/impressum\/#primaryimage\"},\"image\":{\"@id\":\"https:\/\/komma.ostfalia.de\/index.php\/verflechtungsstrukturen\/impressum\/#primaryimage\"},\"thumbnailUrl\":\"https:\/\/komma.ostfalia.de\/wp-content\/uploads\/2020\/05\/verflechtungsstrukturen-logo-inverted.svg\",\"datePublished\":\"2020-06-02T13:39:20+00:00\",\"dateModified\":\"2021-03-26T17:51:44+00:00\",\"breadcrumb\":{\"@id\":\"https:\/\/komma.ostfalia.de\/index.php\/verflechtungsstrukturen\/impressum\/#breadcrumb\"},\"inLanguage\":\"de\",\"potentialAction\":[{\"@type\":\"ReadAction\",\"target\":[\"https:\/\/komma.ostfalia.de\/index.php\/verflechtungsstrukturen\/impressum\/\"]}]},{\"@type\":\"ImageObject\",\"inLanguage\":\"de\",\"@id\":\"https:\/\/komma.ostfalia.de\/index.php\/verflechtungsstrukturen\/impressum\/#primaryimage\",\"url\":\"https:\/\/komma.ostfalia.de\/wp-content\/uploads\/2020\/05\/verflechtungsstrukturen-logo-inverted.svg\",\"contentUrl\":\"https:\/\/komma.ostfalia.de\/wp-content\/uploads\/2020\/05\/verflechtungsstrukturen-logo-inverted.svg\",\"width\":353.8,\"height\":50},{\"@type\":\"BreadcrumbList\",\"@id\":\"https:\/\/komma.ostfalia.de\/index.php\/verflechtungsstrukturen\/impressum\/#breadcrumb\",\"itemListElement\":[{\"@type\":\"ListItem\",\"position\":1,\"name\":\"Startseite\",\"item\":\"https:\/\/komma.ostfalia.de\/\"},{\"@type\":\"ListItem\",\"position\":2,\"name\":\"Verflechtungsstrukturen\",\"item\":\"https:\/\/komma.ostfalia.de\/index.php\/verflechtungsstrukturen\/\"},{\"@type\":\"ListItem\",\"position\":3,\"name\":\"Impressum\"}]},{\"@type\":\"WebSite\",\"@id\":\"https:\/\/komma.ostfalia.de\/#website\",\"url\":\"https:\/\/komma.ostfalia.de\/\",\"name\":\"KomMa\",\"description\":\"Professur f\u00fcr Kommunikationsmanagement\",\"publisher\":{\"@id\":\"https:\/\/komma.ostfalia.de\/#organization\"},\"potentialAction\":[{\"@type\":\"SearchAction\",\"target\":{\"@type\":\"EntryPoint\",\"urlTemplate\":\"https:\/\/komma.ostfalia.de\/?s={search_term_string}\"},\"query-input\":\"required name=search_term_string\"}],\"inLanguage\":\"de\"},{\"@type\":\"Organization\",\"@id\":\"https:\/\/komma.ostfalia.de\/#organization\",\"name\":\"KomMa - Professur f\u00fcr Kommunikationsmanagement\",\"url\":\"https:\/\/komma.ostfalia.de\/\",\"logo\":{\"@type\":\"ImageObject\",\"inLanguage\":\"de\",\"@id\":\"https:\/\/komma.ostfalia.de\/#\/schema\/logo\/image\/\",\"url\":\"https:\/\/komma.ostfalia.de\/wp-content\/uploads\/2020\/05\/komma-signet.png\",\"contentUrl\":\"https:\/\/komma.ostfalia.de\/wp-content\/uploads\/2020\/05\/komma-signet.png\",\"width\":512,\"height\":512,\"caption\":\"KomMa - Professur f\u00fcr Kommunikationsmanagement\"},\"image\":{\"@id\":\"https:\/\/komma.ostfalia.de\/#\/schema\/logo\/image\/\"},\"sameAs\":[\"https:\/\/twitter.com\/komma_ostfalia\"]}]}<\/script>","yoast_head_json":{"title":"Impressum - KomMa","robots":{"index":"index","follow":"follow","max-snippet":"max-snippet:-1","max-image-preview":"max-image-preview:large","max-video-preview":"max-video-preview:-1"},"canonical":"https:\/\/komma.ostfalia.de\/index.php\/verflechtungsstrukturen\/impressum\/","og_locale":"de_DE","og_type":"article","og_title":"Impressum - KomMa","og_description":"&nbsp; Netzwerk Methode Ergebnisse Impressum Impressum Team Datenschutzerl\u00e4rung Ver\u00f6ffentlichungen &#038; Presse &times; Netzwerk Methode Ergebnisse Impressum Impressum Team Datenschutzerl\u00e4rung Ver\u00f6ffentlichungen &#038; Presse Impressum Diese Website ist ein publizistisches Angebot vonden Wissenschaftlichen MitarbeiterInnen der Professur f\u00fcr Kommunikationsmanagement der Ostfalia Hochschule f\u00fcr angewandte Wissenschaften\u2013 Hochschule Braunschweig\/Wolfenb\u00fcttelSalzdahlumer Stra\u00dfe 46-4838302 Wolfenb\u00fcttel Die Inhalte dieses Blogs stellen nicht zwingen die [&hellip;]","og_url":"https:\/\/komma.ostfalia.de\/index.php\/verflechtungsstrukturen\/impressum\/","og_site_name":"KomMa","article_modified_time":"2021-03-26T17:51:44+00:00","og_image":[{"url":"https:\/\/komma.ostfalia.de\/wp-content\/uploads\/2020\/05\/verflechtungsstrukturen-logo-inverted.svg"}],"twitter_card":"summary_large_image","twitter_site":"@komma_ostfalia","twitter_misc":{"Gesch\u00e4tzte Lesezeit":"1\u00a0Minute"},"schema":{"@context":"https:\/\/schema.org","@graph":[{"@type":"WebPage","@id":"https:\/\/komma.ostfalia.de\/index.php\/verflechtungsstrukturen\/impressum\/","url":"https:\/\/komma.ostfalia.de\/index.php\/verflechtungsstrukturen\/impressum\/","name":"Impressum - KomMa","isPartOf":{"@id":"https:\/\/komma.ostfalia.de\/#website"},"primaryImageOfPage":{"@id":"https:\/\/komma.ostfalia.de\/index.php\/verflechtungsstrukturen\/impressum\/#primaryimage"},"image":{"@id":"https:\/\/komma.ostfalia.de\/index.php\/verflechtungsstrukturen\/impressum\/#primaryimage"},"thumbnailUrl":"https:\/\/komma.ostfalia.de\/wp-content\/uploads\/2020\/05\/verflechtungsstrukturen-logo-inverted.svg","datePublished":"2020-06-02T13:39:20+00:00","dateModified":"2021-03-26T17:51:44+00:00","breadcrumb":{"@id":"https:\/\/komma.ostfalia.de\/index.php\/verflechtungsstrukturen\/impressum\/#breadcrumb"},"inLanguage":"de","potentialAction":[{"@type":"ReadAction","target":["https:\/\/komma.ostfalia.de\/index.php\/verflechtungsstrukturen\/impressum\/"]}]},{"@type":"ImageObject","inLanguage":"de","@id":"https:\/\/komma.ostfalia.de\/index.php\/verflechtungsstrukturen\/impressum\/#primaryimage","url":"https:\/\/komma.ostfalia.de\/wp-content\/uploads\/2020\/05\/verflechtungsstrukturen-logo-inverted.svg","contentUrl":"https:\/\/komma.ostfalia.de\/wp-content\/uploads\/2020\/05\/verflechtungsstrukturen-logo-inverted.svg","width":353.8,"height":50},{"@type":"BreadcrumbList","@id":"https:\/\/komma.ostfalia.de\/index.php\/verflechtungsstrukturen\/impressum\/#breadcrumb","itemListElement":[{"@type":"ListItem","position":1,"name":"Startseite","item":"https:\/\/komma.ostfalia.de\/"},{"@type":"ListItem","position":2,"name":"Verflechtungsstrukturen","item":"https:\/\/komma.ostfalia.de\/index.php\/verflechtungsstrukturen\/"},{"@type":"ListItem","position":3,"name":"Impressum"}]},{"@type":"WebSite","@id":"https:\/\/komma.ostfalia.de\/#website","url":"https:\/\/komma.ostfalia.de\/","name":"KomMa","description":"Professur f\u00fcr Kommunikationsmanagement","publisher":{"@id":"https:\/\/komma.ostfalia.de\/#organization"},"potentialAction":[{"@type":"SearchAction","target":{"@type":"EntryPoint","urlTemplate":"https:\/\/komma.ostfalia.de\/?s={search_term_string}"},"query-input":"required name=search_term_string"}],"inLanguage":"de"},{"@type":"Organization","@id":"https:\/\/komma.ostfalia.de\/#organization","name":"KomMa - Professur f\u00fcr Kommunikationsmanagement","url":"https:\/\/komma.ostfalia.de\/","logo":{"@type":"ImageObject","inLanguage":"de","@id":"https:\/\/komma.ostfalia.de\/#\/schema\/logo\/image\/","url":"https:\/\/komma.ostfalia.de\/wp-content\/uploads\/2020\/05\/komma-signet.png","contentUrl":"https:\/\/komma.ostfalia.de\/wp-content\/uploads\/2020\/05\/komma-signet.png","width":512,"height":512,"caption":"KomMa - Professur f\u00fcr Kommunikationsmanagement"},"image":{"@id":"https:\/\/komma.ostfalia.de\/#\/schema\/logo\/image\/"},"sameAs":["https:\/\/twitter.com\/komma_ostfalia"]}]}},"_links":{"self":[{"href":"https:\/\/komma.ostfalia.de\/index.php\/wp-json\/wp\/v2\/pages\/3117"}],"collection":[{"href":"https:\/\/komma.ostfalia.de\/index.php\/wp-json\/wp\/v2\/pages"}],"about":[{"href":"https:\/\/komma.ostfalia.de\/index.php\/wp-json\/wp\/v2\/types\/page"}],"author":[{"embeddable":true,"href":"https:\/\/komma.ostfalia.de\/index.php\/wp-json\/wp\/v2\/users\/9"}],"replies":[{"embeddable":true,"href":"https:\/\/komma.ostfalia.de\/index.php\/wp-json\/wp\/v2\/comments?post=3117"}],"version-history":[{"count":0,"href":"https:\/\/komma.ostfalia.de\/index.php\/wp-json\/wp\/v2\/pages\/3117\/revisions"}],"up":[{"embeddable":true,"href":"https:\/\/komma.ostfalia.de\/index.php\/wp-json\/wp\/v2\/pages\/2445"}],"wp:attachment":[{"href":"https:\/\/komma.ostfalia.de\/index.php\/wp-json\/wp\/v2\/media?parent=3117"}],"curies":[{"name":"wp","href":"https:\/\/api.w.org\/{rel}","templated":true}]}}