{"id":11006,"date":"2022-05-23T12:16:52","date_gmt":"2022-05-23T10:16:52","guid":{"rendered":"https:\/\/komma.ostfalia.de\/?page_id=11006"},"modified":"2022-05-23T13:22:55","modified_gmt":"2022-05-23T11:22:55","slug":"innovative-lehr-und-lernkonzepte-innovation-plus","status":"publish","type":"page","link":"https:\/\/komma.ostfalia.de\/index.php\/innovative-lehr-und-lernkonzepte-innovation-plus\/","title":{"rendered":"Innovative Lehr- und Lernkonzepte: Innovation plus"},"content":{"rendered":"\t\t<div data-elementor-type=\"wp-page\" data-elementor-id=\"11006\" class=\"elementor elementor-11006\">\n\t\t\t\t\t\t<section class=\"elementor-section elementor-top-section elementor-element elementor-element-ceba8c7 elementor-section-boxed elementor-section-height-default elementor-section-height-default\" data-id=\"ceba8c7\" data-element_type=\"section\">\n\t\t\t\t\t\t<div class=\"elementor-container elementor-column-gap-default\">\n\t\t\t\t\t<div class=\"elementor-column elementor-col-50 elementor-top-column elementor-element elementor-element-7e69573\" data-id=\"7e69573\" data-element_type=\"column\">\n\t\t\t<div class=\"elementor-widget-wrap elementor-element-populated\">\n\t\t\t\t\t\t<div class=\"elementor-element elementor-element-1236a8d elementor-widget elementor-widget-text-editor\" data-id=\"1236a8d\" data-element_type=\"widget\" data-widget_type=\"text-editor.default\">\n\t\t\t\t<div class=\"elementor-widget-container\">\n\t\t\t\t\t\t\t<p><strong>Projektleitung:<\/strong><\/p><p>Prof. Dr. habil. Harald Rau<\/p>\t\t\t\t\t\t<\/div>\n\t\t\t\t<\/div>\n\t\t\t\t\t<\/div>\n\t\t<\/div>\n\t\t\t\t<div class=\"elementor-column elementor-col-50 elementor-top-column elementor-element elementor-element-e5b290a\" data-id=\"e5b290a\" data-element_type=\"column\">\n\t\t\t<div class=\"elementor-widget-wrap elementor-element-populated\">\n\t\t\t\t\t\t<div class=\"elementor-element elementor-element-78311eb elementor-widget elementor-widget-text-editor\" data-id=\"78311eb\" data-element_type=\"widget\" data-widget_type=\"text-editor.default\">\n\t\t\t\t<div class=\"elementor-widget-container\">\n\t\t\t\t\t\t\t<p>Im Projekt wird ein Blended-Learning-Konzept f\u00fcr die Vermittlung von Kompetenzen im Bereich des wissenschaftlichen Arbeitens entwickelt, umgesetzt und evaluiert. Dazu werden Module im Bereich Medien um ein digitales Lernsystem erg\u00e4nzt und im Sinne der Kompetenz- und Anwendungsorientierung mittels konstruktivistischer und systemischer Lehrmethoden weiterentwickelt. Nachweislich stellen Haus- und Abschlussarbeiten auf Bachelor- wie auf Masterniveau Studierende vor gro\u00dfe Herausforderungen (vgl. u.a. Rau 2014; Hirsch-Weber\/Scherer 2016; Markowitsch\/Rosenberger 2013). Mithilfe der Vorgehensweise &#8220;Decoding the Disciplines&#8221; (Pace et al.) und angepasst an den konkreten Informationsbedarf der Studierenden, werden die wissenschaftlichen Arbeitsroutinen in Form von Lektionen, interaktiven Tests und Quizzen, Frage-Antwort-Bereichen, Linksammlungen, Tutorials sowie audiovisuellen Inhalten aufgeschl\u00fcsselt, digitalisiert und visualisiert. Die Verkn\u00fcpfung dieses digitalen Lernsystems mit der Pr\u00e4senzlehre erm\u00f6glicht konkrete anwendungsorientierte \u00dcbungen innerhalb der Veranstaltung (wie z.B. Live-Recherche statt Frontalunterricht).\u00a0<\/p><p>Das Ziel des Projektes liegt in der Verbesserung der Qualit\u00e4t von wissenschaftlichen Haus- und Abschlussarbeiten durch ein anwendungs- und kompetenzorientiertes Lehr- und Lernkonzept.<\/p>\t\t\t\t\t\t<\/div>\n\t\t\t\t<\/div>\n\t\t\t\t\t<\/div>\n\t\t<\/div>\n\t\t\t\t\t<\/div>\n\t\t<\/section>\n\t\t\t\t<\/div>\n\t\t","protected":false},"excerpt":{"rendered":"<p>Projektleitung: Prof. Dr. habil. Harald Rau Im Projekt wird ein Blended-Learning-Konzept f\u00fcr die Vermittlung von Kompetenzen im Bereich des wissenschaftlichen Arbeitens entwickelt, umgesetzt und evaluiert. Dazu werden Module im Bereich Medien um ein digitales Lernsystem erg\u00e4nzt und im Sinne der Kompetenz- und Anwendungsorientierung mittels konstruktivistischer und systemischer Lehrmethoden weiterentwickelt. Nachweislich stellen Haus- und Abschlussarbeiten auf [&hellip;]<\/p>\n","protected":false},"author":17,"featured_media":0,"parent":0,"menu_order":0,"comment_status":"closed","ping_status":"closed","template":"","meta":{"_acf_changed":false,"footnotes":""},"acf":[],"yoast_head":"<title>Innovative Lehr- und Lernkonzepte: Innovation plus - KomMa<\/title>\n<meta name=\"robots\" content=\"index, follow, max-snippet:-1, max-image-preview:large, max-video-preview:-1\" \/>\n<link rel=\"canonical\" href=\"https:\/\/komma.ostfalia.de\/index.php\/innovative-lehr-und-lernkonzepte-innovation-plus\/\" \/>\n<meta property=\"og:locale\" content=\"de_DE\" \/>\n<meta property=\"og:type\" content=\"article\" \/>\n<meta property=\"og:title\" content=\"Innovative Lehr- und Lernkonzepte: Innovation plus - KomMa\" \/>\n<meta property=\"og:description\" content=\"Projektleitung: Prof. Dr. habil. Harald Rau Im Projekt wird ein Blended-Learning-Konzept f\u00fcr die Vermittlung von Kompetenzen im Bereich des wissenschaftlichen Arbeitens entwickelt, umgesetzt und evaluiert. Dazu werden Module im Bereich Medien um ein digitales Lernsystem erg\u00e4nzt und im Sinne der Kompetenz- und Anwendungsorientierung mittels konstruktivistischer und systemischer Lehrmethoden weiterentwickelt. Nachweislich stellen Haus- und Abschlussarbeiten auf [&hellip;]\" \/>\n<meta property=\"og:url\" content=\"https:\/\/komma.ostfalia.de\/index.php\/innovative-lehr-und-lernkonzepte-innovation-plus\/\" \/>\n<meta property=\"og:site_name\" content=\"KomMa\" \/>\n<meta property=\"article:modified_time\" content=\"2022-05-23T11:22:55+00:00\" \/>\n<meta name=\"twitter:card\" content=\"summary_large_image\" \/>\n<meta name=\"twitter:site\" content=\"@komma_ostfalia\" \/>\n<meta name=\"twitter:label1\" content=\"Gesch\u00e4tzte Lesezeit\" \/>\n\t<meta name=\"twitter:data1\" content=\"1\u00a0Minute\" \/>\n<script type=\"application\/ld+json\" class=\"yoast-schema-graph\">{\"@context\":\"https:\/\/schema.org\",\"@graph\":[{\"@type\":\"WebPage\",\"@id\":\"https:\/\/komma.ostfalia.de\/index.php\/innovative-lehr-und-lernkonzepte-innovation-plus\/\",\"url\":\"https:\/\/komma.ostfalia.de\/index.php\/innovative-lehr-und-lernkonzepte-innovation-plus\/\",\"name\":\"Innovative Lehr- und Lernkonzepte: Innovation plus - KomMa\",\"isPartOf\":{\"@id\":\"https:\/\/komma.ostfalia.de\/#website\"},\"datePublished\":\"2022-05-23T10:16:52+00:00\",\"dateModified\":\"2022-05-23T11:22:55+00:00\",\"breadcrumb\":{\"@id\":\"https:\/\/komma.ostfalia.de\/index.php\/innovative-lehr-und-lernkonzepte-innovation-plus\/#breadcrumb\"},\"inLanguage\":\"de\",\"potentialAction\":[{\"@type\":\"ReadAction\",\"target\":[\"https:\/\/komma.ostfalia.de\/index.php\/innovative-lehr-und-lernkonzepte-innovation-plus\/\"]}]},{\"@type\":\"BreadcrumbList\",\"@id\":\"https:\/\/komma.ostfalia.de\/index.php\/innovative-lehr-und-lernkonzepte-innovation-plus\/#breadcrumb\",\"itemListElement\":[{\"@type\":\"ListItem\",\"position\":1,\"name\":\"Startseite\",\"item\":\"https:\/\/komma.ostfalia.de\/\"},{\"@type\":\"ListItem\",\"position\":2,\"name\":\"Innovative Lehr- und Lernkonzepte: Innovation plus\"}]},{\"@type\":\"WebSite\",\"@id\":\"https:\/\/komma.ostfalia.de\/#website\",\"url\":\"https:\/\/komma.ostfalia.de\/\",\"name\":\"KomMa\",\"description\":\"Professur f\u00fcr Kommunikationsmanagement\",\"publisher\":{\"@id\":\"https:\/\/komma.ostfalia.de\/#organization\"},\"potentialAction\":[{\"@type\":\"SearchAction\",\"target\":{\"@type\":\"EntryPoint\",\"urlTemplate\":\"https:\/\/komma.ostfalia.de\/?s={search_term_string}\"},\"query-input\":\"required name=search_term_string\"}],\"inLanguage\":\"de\"},{\"@type\":\"Organization\",\"@id\":\"https:\/\/komma.ostfalia.de\/#organization\",\"name\":\"KomMa - Professur f\u00fcr Kommunikationsmanagement\",\"url\":\"https:\/\/komma.ostfalia.de\/\",\"logo\":{\"@type\":\"ImageObject\",\"inLanguage\":\"de\",\"@id\":\"https:\/\/komma.ostfalia.de\/#\/schema\/logo\/image\/\",\"url\":\"https:\/\/komma.ostfalia.de\/wp-content\/uploads\/2020\/05\/komma-signet.png\",\"contentUrl\":\"https:\/\/komma.ostfalia.de\/wp-content\/uploads\/2020\/05\/komma-signet.png\",\"width\":512,\"height\":512,\"caption\":\"KomMa - Professur f\u00fcr Kommunikationsmanagement\"},\"image\":{\"@id\":\"https:\/\/komma.ostfalia.de\/#\/schema\/logo\/image\/\"},\"sameAs\":[\"https:\/\/twitter.com\/komma_ostfalia\"]}]}<\/script>","yoast_head_json":{"title":"Innovative Lehr- und Lernkonzepte: Innovation plus - KomMa","robots":{"index":"index","follow":"follow","max-snippet":"max-snippet:-1","max-image-preview":"max-image-preview:large","max-video-preview":"max-video-preview:-1"},"canonical":"https:\/\/komma.ostfalia.de\/index.php\/innovative-lehr-und-lernkonzepte-innovation-plus\/","og_locale":"de_DE","og_type":"article","og_title":"Innovative Lehr- und Lernkonzepte: Innovation plus - KomMa","og_description":"Projektleitung: Prof. Dr. habil. Harald Rau Im Projekt wird ein Blended-Learning-Konzept f\u00fcr die Vermittlung von Kompetenzen im Bereich des wissenschaftlichen Arbeitens entwickelt, umgesetzt und evaluiert. Dazu werden Module im Bereich Medien um ein digitales Lernsystem erg\u00e4nzt und im Sinne der Kompetenz- und Anwendungsorientierung mittels konstruktivistischer und systemischer Lehrmethoden weiterentwickelt. Nachweislich stellen Haus- und Abschlussarbeiten auf [&hellip;]","og_url":"https:\/\/komma.ostfalia.de\/index.php\/innovative-lehr-und-lernkonzepte-innovation-plus\/","og_site_name":"KomMa","article_modified_time":"2022-05-23T11:22:55+00:00","twitter_card":"summary_large_image","twitter_site":"@komma_ostfalia","twitter_misc":{"Gesch\u00e4tzte Lesezeit":"1\u00a0Minute"},"schema":{"@context":"https:\/\/schema.org","@graph":[{"@type":"WebPage","@id":"https:\/\/komma.ostfalia.de\/index.php\/innovative-lehr-und-lernkonzepte-innovation-plus\/","url":"https:\/\/komma.ostfalia.de\/index.php\/innovative-lehr-und-lernkonzepte-innovation-plus\/","name":"Innovative Lehr- und Lernkonzepte: Innovation plus - KomMa","isPartOf":{"@id":"https:\/\/komma.ostfalia.de\/#website"},"datePublished":"2022-05-23T10:16:52+00:00","dateModified":"2022-05-23T11:22:55+00:00","breadcrumb":{"@id":"https:\/\/komma.ostfalia.de\/index.php\/innovative-lehr-und-lernkonzepte-innovation-plus\/#breadcrumb"},"inLanguage":"de","potentialAction":[{"@type":"ReadAction","target":["https:\/\/komma.ostfalia.de\/index.php\/innovative-lehr-und-lernkonzepte-innovation-plus\/"]}]},{"@type":"BreadcrumbList","@id":"https:\/\/komma.ostfalia.de\/index.php\/innovative-lehr-und-lernkonzepte-innovation-plus\/#breadcrumb","itemListElement":[{"@type":"ListItem","position":1,"name":"Startseite","item":"https:\/\/komma.ostfalia.de\/"},{"@type":"ListItem","position":2,"name":"Innovative Lehr- und Lernkonzepte: Innovation plus"}]},{"@type":"WebSite","@id":"https:\/\/komma.ostfalia.de\/#website","url":"https:\/\/komma.ostfalia.de\/","name":"KomMa","description":"Professur f\u00fcr Kommunikationsmanagement","publisher":{"@id":"https:\/\/komma.ostfalia.de\/#organization"},"potentialAction":[{"@type":"SearchAction","target":{"@type":"EntryPoint","urlTemplate":"https:\/\/komma.ostfalia.de\/?s={search_term_string}"},"query-input":"required name=search_term_string"}],"inLanguage":"de"},{"@type":"Organization","@id":"https:\/\/komma.ostfalia.de\/#organization","name":"KomMa - Professur f\u00fcr Kommunikationsmanagement","url":"https:\/\/komma.ostfalia.de\/","logo":{"@type":"ImageObject","inLanguage":"de","@id":"https:\/\/komma.ostfalia.de\/#\/schema\/logo\/image\/","url":"https:\/\/komma.ostfalia.de\/wp-content\/uploads\/2020\/05\/komma-signet.png","contentUrl":"https:\/\/komma.ostfalia.de\/wp-content\/uploads\/2020\/05\/komma-signet.png","width":512,"height":512,"caption":"KomMa - Professur f\u00fcr Kommunikationsmanagement"},"image":{"@id":"https:\/\/komma.ostfalia.de\/#\/schema\/logo\/image\/"},"sameAs":["https:\/\/twitter.com\/komma_ostfalia"]}]}},"_links":{"self":[{"href":"https:\/\/komma.ostfalia.de\/index.php\/wp-json\/wp\/v2\/pages\/11006"}],"collection":[{"href":"https:\/\/komma.ostfalia.de\/index.php\/wp-json\/wp\/v2\/pages"}],"about":[{"href":"https:\/\/komma.ostfalia.de\/index.php\/wp-json\/wp\/v2\/types\/page"}],"author":[{"embeddable":true,"href":"https:\/\/komma.ostfalia.de\/index.php\/wp-json\/wp\/v2\/users\/17"}],"replies":[{"embeddable":true,"href":"https:\/\/komma.ostfalia.de\/index.php\/wp-json\/wp\/v2\/comments?post=11006"}],"version-history":[{"count":0,"href":"https:\/\/komma.ostfalia.de\/index.php\/wp-json\/wp\/v2\/pages\/11006\/revisions"}],"wp:attachment":[{"href":"https:\/\/komma.ostfalia.de\/index.php\/wp-json\/wp\/v2\/media?parent=11006"}],"curies":[{"name":"wp","href":"https:\/\/api.w.org\/{rel}","templated":true}]}}

<div data-elementor-type="wp-page" data-elementor-id="11006" class="elementor elementor-11006">
						<section class="elementor-section elementor-top-section elementor-element elementor-element-ceba8c7 elementor-section-boxed elementor-section-height-default elementor-section-height-default" data-id="ceba8c7" data-element_type="section">
						<div class="elementor-container elementor-column-gap-default">
					<div class="elementor-column elementor-col-50 elementor-top-column elementor-element elementor-element-7e69573" data-id="7e69573" data-element_type="column">
			<div class="elementor-widget-wrap elementor-element-populated">
						<div class="elementor-element elementor-element-1236a8d elementor-widget elementor-widget-text-editor" data-id="1236a8d" data-element_type="widget" data-widget_type="text-editor.default">
				<div class="elementor-widget-container">
							<p><strong>Projektleitung:</strong></p><p>Prof. Dr. habil. Harald Rau</p>						</div>
				</div>
					</div>
		</div>
				<div class="elementor-column elementor-col-50 elementor-top-column elementor-element elementor-element-e5b290a" data-id="e5b290a" data-element_type="column">
			<div class="elementor-widget-wrap elementor-element-populated">
						<div class="elementor-element elementor-element-78311eb elementor-widget elementor-widget-text-editor" data-id="78311eb" data-element_type="widget" data-widget_type="text-editor.default">
				<div class="elementor-widget-container">
							<p>Im Projekt wird ein Blended-Learning-Konzept für die Vermittlung von Kompetenzen im Bereich des wissenschaftlichen Arbeitens entwickelt, umgesetzt und evaluiert. Dazu werden Module im Bereich Medien um ein digitales Lernsystem ergänzt und im Sinne der Kompetenz- und Anwendungsorientierung mittels konstruktivistischer und systemischer Lehrmethoden weiterentwickelt. Nachweislich stellen Haus- und Abschlussarbeiten auf Bachelor- wie auf Masterniveau Studierende vor große Herausforderungen (vgl. u.a. Rau 2014; Hirsch-Weber/Scherer 2016; Markowitsch/Rosenberger 2013). Mithilfe der Vorgehensweise &#8220;Decoding the Disciplines&#8221; (Pace et al.) und angepasst an den konkreten Informationsbedarf der Studierenden, werden die wissenschaftlichen Arbeitsroutinen in Form von Lektionen, interaktiven Tests und Quizzen, Frage-Antwort-Bereichen, Linksammlungen, Tutorials sowie audiovisuellen Inhalten aufgeschlüsselt, digitalisiert und visualisiert. Die Verknüpfung dieses digitalen Lernsystems mit der Präsenzlehre ermöglicht konkrete anwendungsorientierte Übungen innerhalb der Veranstaltung (wie z.B. Live-Recherche statt Frontalunterricht). </p><p>Das Ziel des Projektes liegt in der Verbesserung der Qualität von wissenschaftlichen Haus- und Abschlussarbeiten durch ein anwendungs- und kompetenzorientiertes Lehr- und Lernkonzept.</p>						</div>
				</div>
					</div>
		</div>
					</div>
		</section>
				</div>

<p>Projektleitung: Prof. Dr. habil. Harald Rau Im Projekt wird ein Blended-Learning-Konzept für die Vermittlung von Kompetenzen im Bereich des wissenschaftlichen Arbeitens entwickelt, umgesetzt und evaluiert. Dazu werden Module im Bereich Medien um ein digitales Lernsystem ergänzt und im Sinne der Kompetenz- und Anwendungsorientierung mittels konstruktivistischer und systemischer Lehrmethoden weiterentwickelt. Nachweislich stellen Haus- und Abschlussarbeiten auf [&hellip;]</p>

<title>Innovative Lehr- und Lernkonzepte: Innovation plus - KomMa</title>
<meta name="robots" content="index, follow, max-snippet:-1, max-image-preview:large, max-video-preview:-1" />
<link rel="canonical" href="https://komma.ostfalia.de/index.php/innovative-lehr-und-lernkonzepte-innovation-plus/" />
<meta property="og:locale" content="de_DE" />
<meta property="og:type" content="article" />
<meta property="og:title" content="Innovative Lehr- und Lernkonzepte: Innovation plus - KomMa" />
<meta property="og:description" content="Projektleitung: Prof. Dr. habil. Harald Rau Im Projekt wird ein Blended-Learning-Konzept für die Vermittlung von Kompetenzen im Bereich des wissenschaftlichen Arbeitens entwickelt, umgesetzt und evaluiert. Dazu werden Module im Bereich Medien um ein digitales Lernsystem ergänzt und im Sinne der Kompetenz- und Anwendungsorientierung mittels konstruktivistischer und systemischer Lehrmethoden weiterentwickelt. Nachweislich stellen Haus- und Abschlussarbeiten auf [&hellip;]" />
<meta property="og:url" content="https://komma.ostfalia.de/index.php/innovative-lehr-und-lernkonzepte-innovation-plus/" />
<meta property="og:site_name" content="KomMa" />
<meta property="article:modified_time" content="2022-05-23T11:22:55+00:00" />
<meta name="twitter:card" content="summary_large_image" />
<meta name="twitter:site" content="@komma_ostfalia" />
<meta name="twitter:label1" content="Geschätzte Lesezeit" />
	<meta name="twitter:data1" content="1 Minute" />
<script type="application/ld+json" class="yoast-schema-graph">{"@context":"https://schema.org","@graph":[{"@type":"WebPage","@id":"https://komma.ostfalia.de/index.php/innovative-lehr-und-lernkonzepte-innovation-plus/","url":"https://komma.ostfalia.de/index.php/innovative-lehr-und-lernkonzepte-innovation-plus/","name":"Innovative Lehr- und Lernkonzepte: Innovation plus - KomMa","isPartOf":{"@id":"https://komma.ostfalia.de/#website"},"datePublished":"2022-05-23T10:16:52+00:00","dateModified":"2022-05-23T11:22:55+00:00","breadcrumb":{"@id":"https://komma.ostfalia.de/index.php/innovative-lehr-und-lernkonzepte-innovation-plus/#breadcrumb"},"inLanguage":"de","potentialAction":[{"@type":"ReadAction","target":["https://komma.ostfalia.de/index.php/innovative-lehr-und-lernkonzepte-innovation-plus/"]}]},{"@type":"BreadcrumbList","@id":"https://komma.ostfalia.de/index.php/innovative-lehr-und-lernkonzepte-innovation-plus/#breadcrumb","itemListElement":[{"@type":"ListItem","position":1,"name":"Startseite","item":"https://komma.ostfalia.de/"},{"@type":"ListItem","position":2,"name":"Innovative Lehr- und Lernkonzepte: Innovation plus"}]},{"@type":"WebSite","@id":"https://komma.ostfalia.de/#website","url":"https://komma.ostfalia.de/","name":"KomMa","description":"Professur für Kommunikationsmanagement","publisher":{"@id":"https://komma.ostfalia.de/#organization"},"potentialAction":[{"@type":"SearchAction","target":{"@type":"EntryPoint","urlTemplate":"https://komma.ostfalia.de/?s={search_term_string}"},"query-input":"required name=search_term_string"}],"inLanguage":"de"},{"@type":"Organization","@id":"https://komma.ostfalia.de/#organization","name":"KomMa - Professur für Kommunikationsmanagement","url":"https://komma.ostfalia.de/","logo":{"@type":"ImageObject","inLanguage":"de","@id":"https://komma.ostfalia.de/#/schema/logo/image/","url":"https://komma.ostfalia.de/wp-content/uploads/2020/05/komma-signet.png","contentUrl":"https://komma.ostfalia.de/wp-content/uploads/2020/05/komma-signet.png","width":512,"height":512,"caption":"KomMa - Professur für Kommunikationsmanagement"},"image":{"@id":"https://komma.ostfalia.de/#/schema/logo/image/"},"sameAs":["https://twitter.com/komma_ostfalia"]}]}</script>

Projektleitung: Prof. Dr. habil. Harald Rau Im Projekt wird ein Blended-Learning-Konzept für die Vermittlung von Kompetenzen im Bereich des wissenschaftlichen Arbeitens entwickelt, umgesetzt und evaluiert. Dazu werden Module im Bereich Medien um ein digitales Lernsystem ergänzt und im Sinne der Kompetenz- und Anwendungsorientierung mittels konstruktivistischer und systemischer Lehrmethoden weiterentwickelt. Nachweislich stellen Haus- und Abschlussarbeiten auf [&hellip;]

Professur für Kommunikationsmanagement

KomMa - Professur für Kommunikationsmanagement
