{"id":10309,"date":"2022-04-07T08:34:12","date_gmt":"2022-04-07T06:34:12","guid":{"rendered":"https:\/\/komma.ostfalia.de\/?page_id=10309"},"modified":"2022-04-07T08:34:12","modified_gmt":"2022-04-07T06:34:12","slug":"hochschule-ohne-hemmungen-die-audio-uni","status":"publish","type":"page","link":"https:\/\/komma.ostfalia.de\/index.php\/hochschule-ohne-hemmungen-die-audio-uni\/","title":{"rendered":"Hochschule ohne Hemmungen &#8211; die Audio-Uni"},"content":{"rendered":"\t\t<div data-elementor-type=\"wp-page\" data-elementor-id=\"10309\" class=\"elementor elementor-10309\">\n\t\t\t\t\t\t<section class=\"elementor-section elementor-top-section elementor-element elementor-element-358f7ad elementor-section-boxed elementor-section-height-default elementor-section-height-default\" data-id=\"358f7ad\" data-element_type=\"section\">\n\t\t\t\t\t\t<div class=\"elementor-container elementor-column-gap-default\">\n\t\t\t\t\t<div class=\"elementor-column elementor-col-50 elementor-top-column elementor-element elementor-element-c3e4afd\" data-id=\"c3e4afd\" data-element_type=\"column\">\n\t\t\t<div class=\"elementor-widget-wrap elementor-element-populated\">\n\t\t\t\t\t\t<div class=\"elementor-element elementor-element-1e705f0 elementor-widget elementor-widget-text-editor\" data-id=\"1e705f0\" data-element_type=\"widget\" data-widget_type=\"text-editor.default\">\n\t\t\t\t<div class=\"elementor-widget-container\">\n\t\t\t\t\t\t\t<p><b>Projektwebsite:<\/b><br \/><a href=\"https:\/\/audio-uni.ostfalia.de\/\"><u><b>Audio-Uni \u2013 Hochschule ohne Hemmungen<\/b><\/u><\/a><\/p><p><b>Projektleitung:<\/b><br \/>Professur Kommunikationsmanagement \u2013 Prof. Dr. Harald Rau, Professur Online-Marketing \u2013 Prof. Dr. Boris Blechschmidt<\/p><p><b>Projektlaufzeit:<\/b><br \/>09\/2018 bis 07\/2021<\/p><p><b>Finanzierung:<\/b><br \/>ESF und Ostfalia Hochschule f\u00fcr angewandte Wissenschaften<\/p><p><b>Zielgruppe:<\/b><br \/>Berufst\u00e4tige, Azubis und junge Fachkr\u00e4fte mit abgeschlossener Ausbildung, Weiterbildungsinteressierte im Bereich Onlinemarketing<\/p><p><b>Forschungsfeld:<\/b><br \/>Gesellschaftliche Ver\u00e4nderungsperspektiven<\/p><p><b>Tagungsteilnahme:<\/b><br \/>#GANZOHR2018: Wissenschaft auf die Ohren! Vom 28. bis 30.09.2018 in Wien<br \/>Ein Workshop an der \u00d6AW zum Potenzial von Podcasts in der Wissenschaftskommunikation<\/p>\t\t\t\t\t\t<\/div>\n\t\t\t\t<\/div>\n\t\t\t\t<div class=\"elementor-element elementor-element-4a7e848 elementor-widget elementor-widget-image\" data-id=\"4a7e848\" data-element_type=\"widget\" data-widget_type=\"image.default\">\n\t\t\t\t<div class=\"elementor-widget-container\">\n\t\t\t\t\t\t\t\t\t\t\t\t\t<img fetchpriority=\"high\" decoding=\"async\" width=\"1024\" height=\"438\" src=\"https:\/\/komma.ostfalia.de\/wp-content\/uploads\/2020\/07\/Label-EU-ESF-1024x438.jpg\" class=\"attachment-large size-large wp-image-3709\" alt=\"\" srcset=\"https:\/\/komma.ostfalia.de\/wp-content\/uploads\/2020\/07\/Label-EU-ESF-1024x438.jpg 1024w, https:\/\/komma.ostfalia.de\/wp-content\/uploads\/2020\/07\/Label-EU-ESF-300x128.jpg 300w, https:\/\/komma.ostfalia.de\/wp-content\/uploads\/2020\/07\/Label-EU-ESF-768x329.jpg 768w, https:\/\/komma.ostfalia.de\/wp-content\/uploads\/2020\/07\/Label-EU-ESF.jpg 1442w\" sizes=\"(max-width: 1024px) 100vw, 1024px\" \/>\t\t\t\t\t\t\t\t\t\t\t\t\t<\/div>\n\t\t\t\t<\/div>\n\t\t\t\t\t<\/div>\n\t\t<\/div>\n\t\t\t\t<div class=\"elementor-column elementor-col-50 elementor-top-column elementor-element elementor-element-8c7924f\" data-id=\"8c7924f\" data-element_type=\"column\">\n\t\t\t<div class=\"elementor-widget-wrap elementor-element-populated\">\n\t\t\t\t\t\t<div class=\"elementor-element elementor-element-02d1a69 elementor-widget elementor-widget-text-editor\" data-id=\"02d1a69\" data-element_type=\"widget\" data-widget_type=\"text-editor.default\">\n\t\t\t\t<div class=\"elementor-widget-container\">\n\t\t\t\t\t\t\t<p>Ziel ist es, einen Bachelorstudiengang zu entwickeln, der H\u00fcrden abschafft und lernfreudigen Menschen die Hochschule \u00f6ffnet. Im Projekt werden Zertifikate entwickelt, die dem Studiengebiet Onlinemarketing zuzuordnen sind. Diese sind genauso gestaltet wie Module in einem Bachelorstudium. Der Unterschied: Jeder kann sich einschreiben, die Unterlagen herunterladen, lernen und studieren.<\/p><p>Damit der Einstieg gerade jungen Menschen gelingt, sind die ersten Lerneinheiten als Podcast gestaltet \u2013 mit Vortragsanteilen, Interviews und anspruchsvollen Tonaufnahmen. Das Studium beginnt also mit professionell produzierten Radiosendungen. Ziel ist es, so Hemmschwellen abzubauen und die Hochschule Weiterbildungsinteressierten nahezubringen. Wer mehr will, kann die zu den einzelnen Bereichen verf\u00fcgbaren Skripte und Texte lesen oder sich mit Onlinetests selbst \u00fcberpr\u00fcfen. Kosten entstehen erst, wenn die Teilnehmenden sich f\u00fcr eine Pr\u00fcfung anmelden. Jedes Modul kann mit einer Pr\u00fcfung abgeschlossen werden \u2013 die zu erbringende Leistung steht jeweils fest. F\u00fcr die Zulassung zur Pr\u00fcfung ist zun\u00e4chst keine Hochschulzugangsberechtigung n\u00f6tig.<\/p><p>Die erworbenen Zertifikate lassen sich sp\u00e4ter zusammenf\u00fchren, um damit einen Bachelorabschluss zu erwerben. Zus\u00e4tzlich sind dann noch wissenschaftsorientierte und st\u00e4rker an der Theorie ausgerichtete Pr\u00fcfungen abzulegen und eine Bachelorarbeit zu schreiben. Die abschlie\u00dfenden Module sind von Pr\u00e4senzphasen begleitet. Erst bei Anmeldung zur Bachelorarbeit muss die Hochschulzugangsberechtigung vorgelegt werden.<\/p><p>Viele Auszubildende, die kein Abitur und auch keine Fachhochschulreife vorweisen k\u00f6nnen, haben das Potenzial f\u00fcr ein Studium; das beweist sich in vielen Studieng\u00e4ngen an der Ostfalia \u2013 auch und gerade im Bereich Medien, an dem das Projekt angesiedelt ist. Diese Studienkandidaten und -kandidatinnen m\u00fcssen zun\u00e4chst drei Jahre Berufst\u00e4tigkeit im Ausbildungsberuf nachweisen, um die fachgebundene Hochschulzugangsberechtigung zu erlangen. Hier schlie\u00dft die Audio-Uni eine L\u00fccke: alle Auszubildenden k\u00f6nnen direkt nach erfolgreicher Gesellen- oder Fachpr\u00fcfung (oder sogar schon vorher) in ein Studium hineinschnuppern.<\/p>\t\t\t\t\t\t<\/div>\n\t\t\t\t<\/div>\n\t\t\t\t\t<\/div>\n\t\t<\/div>\n\t\t\t\t\t<\/div>\n\t\t<\/section>\n\t\t\t\t<\/div>\n\t\t","protected":false},"excerpt":{"rendered":"<p>Projektwebsite: Audio-Uni \u2013 Hochschule ohne Hemmungen Projektleitung: Professur Kommunikationsmanagement \u2013 Prof. Dr. Harald Rau, Professur Online-Marketing \u2013 Prof. Dr. Boris Blechschmidt Projektlaufzeit: 09\/2018 bis 07\/2021 Finanzierung: ESF und Ostfalia Hochschule f\u00fcr angewandte Wissenschaften Zielgruppe: Berufst\u00e4tige, Azubis und junge Fachkr\u00e4fte mit abgeschlossener Ausbildung, Weiterbildungsinteressierte im Bereich Onlinemarketing Forschungsfeld: Gesellschaftliche Ver\u00e4nderungsperspektiven Tagungsteilnahme: #GANZOHR2018: Wissenschaft auf die Ohren! [&hellip;]<\/p>\n","protected":false},"author":17,"featured_media":0,"parent":0,"menu_order":0,"comment_status":"closed","ping_status":"closed","template":"","meta":{"_acf_changed":false,"footnotes":""},"acf":[],"yoast_head":"<title>Hochschule ohne Hemmungen - die Audio-Uni - KomMa<\/title>\n<meta name=\"robots\" content=\"index, follow, max-snippet:-1, max-image-preview:large, max-video-preview:-1\" \/>\n<link rel=\"canonical\" href=\"https:\/\/komma.ostfalia.de\/index.php\/hochschule-ohne-hemmungen-die-audio-uni\/\" \/>\n<meta property=\"og:locale\" content=\"de_DE\" \/>\n<meta property=\"og:type\" content=\"article\" \/>\n<meta property=\"og:title\" content=\"Hochschule ohne Hemmungen - die Audio-Uni - KomMa\" \/>\n<meta property=\"og:description\" content=\"Projektwebsite: Audio-Uni \u2013 Hochschule ohne Hemmungen Projektleitung: Professur Kommunikationsmanagement \u2013 Prof. Dr. Harald Rau, Professur Online-Marketing \u2013 Prof. Dr. Boris Blechschmidt Projektlaufzeit: 09\/2018 bis 07\/2021 Finanzierung: ESF und Ostfalia Hochschule f\u00fcr angewandte Wissenschaften Zielgruppe: Berufst\u00e4tige, Azubis und junge Fachkr\u00e4fte mit abgeschlossener Ausbildung, Weiterbildungsinteressierte im Bereich Onlinemarketing Forschungsfeld: Gesellschaftliche Ver\u00e4nderungsperspektiven Tagungsteilnahme: #GANZOHR2018: Wissenschaft auf die Ohren! [&hellip;]\" \/>\n<meta property=\"og:url\" content=\"https:\/\/komma.ostfalia.de\/index.php\/hochschule-ohne-hemmungen-die-audio-uni\/\" \/>\n<meta property=\"og:site_name\" content=\"KomMa\" \/>\n<meta property=\"og:image\" content=\"https:\/\/komma.ostfalia.de\/wp-content\/uploads\/2020\/07\/Label-EU-ESF-1024x438.jpg\" \/>\n<meta name=\"twitter:card\" content=\"summary_large_image\" \/>\n<meta name=\"twitter:site\" content=\"@komma_ostfalia\" \/>\n<meta name=\"twitter:label1\" content=\"Gesch\u00e4tzte Lesezeit\" \/>\n\t<meta name=\"twitter:data1\" content=\"3\u00a0Minuten\" \/>\n<script type=\"application\/ld+json\" class=\"yoast-schema-graph\">{\"@context\":\"https:\/\/schema.org\",\"@graph\":[{\"@type\":\"WebPage\",\"@id\":\"https:\/\/komma.ostfalia.de\/index.php\/hochschule-ohne-hemmungen-die-audio-uni\/\",\"url\":\"https:\/\/komma.ostfalia.de\/index.php\/hochschule-ohne-hemmungen-die-audio-uni\/\",\"name\":\"Hochschule ohne Hemmungen - die Audio-Uni - KomMa\",\"isPartOf\":{\"@id\":\"https:\/\/komma.ostfalia.de\/#website\"},\"primaryImageOfPage\":{\"@id\":\"https:\/\/komma.ostfalia.de\/index.php\/hochschule-ohne-hemmungen-die-audio-uni\/#primaryimage\"},\"image\":{\"@id\":\"https:\/\/komma.ostfalia.de\/index.php\/hochschule-ohne-hemmungen-die-audio-uni\/#primaryimage\"},\"thumbnailUrl\":\"https:\/\/komma.ostfalia.de\/wp-content\/uploads\/2020\/07\/Label-EU-ESF-1024x438.jpg\",\"datePublished\":\"2022-04-07T06:34:12+00:00\",\"dateModified\":\"2022-04-07T06:34:12+00:00\",\"breadcrumb\":{\"@id\":\"https:\/\/komma.ostfalia.de\/index.php\/hochschule-ohne-hemmungen-die-audio-uni\/#breadcrumb\"},\"inLanguage\":\"de\",\"potentialAction\":[{\"@type\":\"ReadAction\",\"target\":[\"https:\/\/komma.ostfalia.de\/index.php\/hochschule-ohne-hemmungen-die-audio-uni\/\"]}]},{\"@type\":\"ImageObject\",\"inLanguage\":\"de\",\"@id\":\"https:\/\/komma.ostfalia.de\/index.php\/hochschule-ohne-hemmungen-die-audio-uni\/#primaryimage\",\"url\":\"https:\/\/komma.ostfalia.de\/wp-content\/uploads\/2020\/07\/Label-EU-ESF.jpg\",\"contentUrl\":\"https:\/\/komma.ostfalia.de\/wp-content\/uploads\/2020\/07\/Label-EU-ESF.jpg\",\"width\":1442,\"height\":617},{\"@type\":\"BreadcrumbList\",\"@id\":\"https:\/\/komma.ostfalia.de\/index.php\/hochschule-ohne-hemmungen-die-audio-uni\/#breadcrumb\",\"itemListElement\":[{\"@type\":\"ListItem\",\"position\":1,\"name\":\"Startseite\",\"item\":\"https:\/\/komma.ostfalia.de\/\"},{\"@type\":\"ListItem\",\"position\":2,\"name\":\"Hochschule ohne Hemmungen &#8211; die Audio-Uni\"}]},{\"@type\":\"WebSite\",\"@id\":\"https:\/\/komma.ostfalia.de\/#website\",\"url\":\"https:\/\/komma.ostfalia.de\/\",\"name\":\"KomMa\",\"description\":\"Professur f\u00fcr Kommunikationsmanagement\",\"publisher\":{\"@id\":\"https:\/\/komma.ostfalia.de\/#organization\"},\"potentialAction\":[{\"@type\":\"SearchAction\",\"target\":{\"@type\":\"EntryPoint\",\"urlTemplate\":\"https:\/\/komma.ostfalia.de\/?s={search_term_string}\"},\"query-input\":\"required name=search_term_string\"}],\"inLanguage\":\"de\"},{\"@type\":\"Organization\",\"@id\":\"https:\/\/komma.ostfalia.de\/#organization\",\"name\":\"KomMa - Professur f\u00fcr Kommunikationsmanagement\",\"url\":\"https:\/\/komma.ostfalia.de\/\",\"logo\":{\"@type\":\"ImageObject\",\"inLanguage\":\"de\",\"@id\":\"https:\/\/komma.ostfalia.de\/#\/schema\/logo\/image\/\",\"url\":\"https:\/\/komma.ostfalia.de\/wp-content\/uploads\/2020\/05\/komma-signet.png\",\"contentUrl\":\"https:\/\/komma.ostfalia.de\/wp-content\/uploads\/2020\/05\/komma-signet.png\",\"width\":512,\"height\":512,\"caption\":\"KomMa - Professur f\u00fcr Kommunikationsmanagement\"},\"image\":{\"@id\":\"https:\/\/komma.ostfalia.de\/#\/schema\/logo\/image\/\"},\"sameAs\":[\"https:\/\/twitter.com\/komma_ostfalia\"]}]}<\/script>","yoast_head_json":{"title":"Hochschule ohne Hemmungen - die Audio-Uni - KomMa","robots":{"index":"index","follow":"follow","max-snippet":"max-snippet:-1","max-image-preview":"max-image-preview:large","max-video-preview":"max-video-preview:-1"},"canonical":"https:\/\/komma.ostfalia.de\/index.php\/hochschule-ohne-hemmungen-die-audio-uni\/","og_locale":"de_DE","og_type":"article","og_title":"Hochschule ohne Hemmungen - die Audio-Uni - KomMa","og_description":"Projektwebsite: Audio-Uni \u2013 Hochschule ohne Hemmungen Projektleitung: Professur Kommunikationsmanagement \u2013 Prof. Dr. Harald Rau, Professur Online-Marketing \u2013 Prof. Dr. Boris Blechschmidt Projektlaufzeit: 09\/2018 bis 07\/2021 Finanzierung: ESF und Ostfalia Hochschule f\u00fcr angewandte Wissenschaften Zielgruppe: Berufst\u00e4tige, Azubis und junge Fachkr\u00e4fte mit abgeschlossener Ausbildung, Weiterbildungsinteressierte im Bereich Onlinemarketing Forschungsfeld: Gesellschaftliche Ver\u00e4nderungsperspektiven Tagungsteilnahme: #GANZOHR2018: Wissenschaft auf die Ohren! [&hellip;]","og_url":"https:\/\/komma.ostfalia.de\/index.php\/hochschule-ohne-hemmungen-die-audio-uni\/","og_site_name":"KomMa","og_image":[{"url":"https:\/\/komma.ostfalia.de\/wp-content\/uploads\/2020\/07\/Label-EU-ESF-1024x438.jpg"}],"twitter_card":"summary_large_image","twitter_site":"@komma_ostfalia","twitter_misc":{"Gesch\u00e4tzte Lesezeit":"3\u00a0Minuten"},"schema":{"@context":"https:\/\/schema.org","@graph":[{"@type":"WebPage","@id":"https:\/\/komma.ostfalia.de\/index.php\/hochschule-ohne-hemmungen-die-audio-uni\/","url":"https:\/\/komma.ostfalia.de\/index.php\/hochschule-ohne-hemmungen-die-audio-uni\/","name":"Hochschule ohne Hemmungen - die Audio-Uni - KomMa","isPartOf":{"@id":"https:\/\/komma.ostfalia.de\/#website"},"primaryImageOfPage":{"@id":"https:\/\/komma.ostfalia.de\/index.php\/hochschule-ohne-hemmungen-die-audio-uni\/#primaryimage"},"image":{"@id":"https:\/\/komma.ostfalia.de\/index.php\/hochschule-ohne-hemmungen-die-audio-uni\/#primaryimage"},"thumbnailUrl":"https:\/\/komma.ostfalia.de\/wp-content\/uploads\/2020\/07\/Label-EU-ESF-1024x438.jpg","datePublished":"2022-04-07T06:34:12+00:00","dateModified":"2022-04-07T06:34:12+00:00","breadcrumb":{"@id":"https:\/\/komma.ostfalia.de\/index.php\/hochschule-ohne-hemmungen-die-audio-uni\/#breadcrumb"},"inLanguage":"de","potentialAction":[{"@type":"ReadAction","target":["https:\/\/komma.ostfalia.de\/index.php\/hochschule-ohne-hemmungen-die-audio-uni\/"]}]},{"@type":"ImageObject","inLanguage":"de","@id":"https:\/\/komma.ostfalia.de\/index.php\/hochschule-ohne-hemmungen-die-audio-uni\/#primaryimage","url":"https:\/\/komma.ostfalia.de\/wp-content\/uploads\/2020\/07\/Label-EU-ESF.jpg","contentUrl":"https:\/\/komma.ostfalia.de\/wp-content\/uploads\/2020\/07\/Label-EU-ESF.jpg","width":1442,"height":617},{"@type":"BreadcrumbList","@id":"https:\/\/komma.ostfalia.de\/index.php\/hochschule-ohne-hemmungen-die-audio-uni\/#breadcrumb","itemListElement":[{"@type":"ListItem","position":1,"name":"Startseite","item":"https:\/\/komma.ostfalia.de\/"},{"@type":"ListItem","position":2,"name":"Hochschule ohne Hemmungen &#8211; die Audio-Uni"}]},{"@type":"WebSite","@id":"https:\/\/komma.ostfalia.de\/#website","url":"https:\/\/komma.ostfalia.de\/","name":"KomMa","description":"Professur f\u00fcr Kommunikationsmanagement","publisher":{"@id":"https:\/\/komma.ostfalia.de\/#organization"},"potentialAction":[{"@type":"SearchAction","target":{"@type":"EntryPoint","urlTemplate":"https:\/\/komma.ostfalia.de\/?s={search_term_string}"},"query-input":"required name=search_term_string"}],"inLanguage":"de"},{"@type":"Organization","@id":"https:\/\/komma.ostfalia.de\/#organization","name":"KomMa - Professur f\u00fcr Kommunikationsmanagement","url":"https:\/\/komma.ostfalia.de\/","logo":{"@type":"ImageObject","inLanguage":"de","@id":"https:\/\/komma.ostfalia.de\/#\/schema\/logo\/image\/","url":"https:\/\/komma.ostfalia.de\/wp-content\/uploads\/2020\/05\/komma-signet.png","contentUrl":"https:\/\/komma.ostfalia.de\/wp-content\/uploads\/2020\/05\/komma-signet.png","width":512,"height":512,"caption":"KomMa - Professur f\u00fcr Kommunikationsmanagement"},"image":{"@id":"https:\/\/komma.ostfalia.de\/#\/schema\/logo\/image\/"},"sameAs":["https:\/\/twitter.com\/komma_ostfalia"]}]}},"_links":{"self":[{"href":"https:\/\/komma.ostfalia.de\/index.php\/wp-json\/wp\/v2\/pages\/10309"}],"collection":[{"href":"https:\/\/komma.ostfalia.de\/index.php\/wp-json\/wp\/v2\/pages"}],"about":[{"href":"https:\/\/komma.ostfalia.de\/index.php\/wp-json\/wp\/v2\/types\/page"}],"author":[{"embeddable":true,"href":"https:\/\/komma.ostfalia.de\/index.php\/wp-json\/wp\/v2\/users\/17"}],"replies":[{"embeddable":true,"href":"https:\/\/komma.ostfalia.de\/index.php\/wp-json\/wp\/v2\/comments?post=10309"}],"version-history":[{"count":0,"href":"https:\/\/komma.ostfalia.de\/index.php\/wp-json\/wp\/v2\/pages\/10309\/revisions"}],"wp:attachment":[{"href":"https:\/\/komma.ostfalia.de\/index.php\/wp-json\/wp\/v2\/media?parent=10309"}],"curies":[{"name":"wp","href":"https:\/\/api.w.org\/{rel}","templated":true}]}}